(4)?
7
Let j = 732 + -711. Calculate the remainder when 141 is divided by j.
15
Suppose -14*s + 12*s = -3*v + 855, -5*s = -15. What is the remainder when 288 is divided by v?
1
Let l(u) = -u**2 - 28*u - 24. Let o be l(-27). Suppose 49 + 89 = o*g. Calculate the remainder when g is divided by 10.
6
Let m(j) = j**3 - 3*j + 16. What is the remainder when 60 is divided by m(0)?
12
Let i(d) = 2*d**2 + 2*d - 18. Suppose 0 = -6*m + 16 + 14. Calculate the remainder when i(4) is divided by m.
2
Let p = 17 + -17. Suppose -3*f = -0*i - i - 55, -4*f - 4*i + 52 = p. What is the remainder when f is divided by 6?
5
Let c = -1229 + 1370. What is the remainder when c is divided by 8?
5
Let c be (-16)/(-12)*9/6. Suppose -c*x + 17 = -37. What is the remainder when 105 is divided by x?
24
What is the remainder when (-150)/200*532/(-3) is divided by 110?
23
Let z(r) = 33*r**3 - r**2 + 3*r - 2. Let q(w) = w. Let b(y) = 7. Let m(f) = b(f) - q(f). Let s be m(6). Calculate the remainder when z(s) is divided by 9.
6
Suppose -w + 128 = 7*w. Let f(p) = p**2 - p - 3. Let m be f(-3). Suppose -z - 4*l + 14 = 2*z, 3*l - m = -2*z. Calculate the remainder when w is divided by z.
4
Let m(y) = -y**2 - 3*y + 62. Calculate the remainder when 17 is divided by m(-9).
1
Let s(t) = t**3 + 8*t**2. Suppose 11*p - 219 = 56. Calculate the remainder when s(-7) is divided by p.
24
Let h(s) = -3*s - 31. Calculate the remainder when 135 is divided by h(-13).
7
Let w be (0 - 22596)*(-2)/4. Let o be w/(-8) + 4/16. Calculate the remainder when 4/10 + o/(-20) is divided by 24.
23
Let f(d) = -27*d - 5 + 5 + 0 + 6. Calculate the remainder when f(-4) is divided by 39.
36
Suppose 875 + 82 = 33*g. Let c(u) = u**3 - 10*u**2 + 11*u - 3. What is the remainder when g is divided by c(9)?
14
What is the remainder when 248 is divided by -9*(-6)/(-4)*(-232)/87?
32
Suppose 4*g - 6 = 3*g. What is the remainder when (6/3)/(29/9 - 3) is divided by g?
3
Let s be (-1 + 1)/(16/16). Suppose s*m + 51 = -3*m + 2*l, 3*m + 42 = 5*l. Let g = m - -37. What is the remainder when 35 is divided by g?
17
Let g = 17 + -14. Let j be (-3)/(-3)*-4 + 9. Suppose -j*v = -g*v - 6. Calculate the remainder when 15 is divided by v.
0
Let c(p) = -2*p - 16. Let l = 1 + -12. Let g be c(l). Suppose 3*o - o = g. What is the remainder when 4 is divided by o?
1
Let r(a) = -2*a**2 + 29*a + 30. Let x be r(14). Calculate the remainder when x/(-10) + 5 - 522/(-5) is divided by 54.
51
Suppose h + 53 - 171 = 2*b, 3*h - b = 339. Suppose 3*r + r - 152 = 0. What is the remainder when h is divided by r?
36
Let s be 7*(-1 + (-28)/(-7)). Let t be 2 + 47 - (0 + 1). What is the remainder when t/10*(s + -11) is divided by 17?
14
Let h(j) be the third derivative of j**5/5 - j**4/24 + j**3/3 - 18*j**2. What is the remainder when h(-2) is divided by 18?
16
What is the remainder when 7*-1 + 165 + -119 is divided by 6?
3
Let c = 152 + -66. What is the remainder when c is divided by ((-16)/24)/(4/(-132))?
20
Let i = -1469 - -1474. What is the remainder when 33 is divided by i?
3
Suppose -5*c - 279 = -3*k - 30, -249 = -3*k - c. Let a = -1373 + 1390. What is the remainder when k is divided by a?
15
Suppose -6*j + 2*j = -k + 62, 4*k - 172 = -3*j. Calculate the remainder when k is divided by 16.
14
Let r = 294 + -285. Calculate the remainder when r is divided by 7.
2
Suppose 134 - 32 = q. Let m = q - 88. Calculate the remainder when m is divided by 10.
4
What is the remainder when 43 is divided by 15*14/105*10?
3
Let w be (6/(-2))/((-1)/(-5)). What is the remainder when (4 - (-172)/6) + (-5)/w is divided by 19?
14
Let c = -330 - -453. What is the remainder when c is divided by 5?
3
Suppose 5*q + 0*q = 15. Suppose -2*g + r = -q*r - 70, -2*g = 2*r - 58. Let c = g + -22. Calculate the remainder when 25 is divided by c.
7
Suppose 4*d - 2*s = 4, -d = -s + 4 - 3. Suppose -5*m = d*j - 42, 5*j - 3*m = 66 + 38. Let b(f) = -3*f - 1. Calculate the remainder when j is divided by b(-4).
8
What is the remainder when 115 is divided by ((-2)/(-8))/(1398/696 + -2)?
28
Suppose -39 = -t + 3*k + 11, -2*t - 3*k = -55. Let q = t + -28. Let b = -33 + 60. What is the remainder when b is divided by q?
6
Suppose 23*n = 19*n + 160. Suppose 0 = -2*x, 110 = -3*m - 4*x + 38. What is the remainder when n is divided by (-1)/(-4) - 354/m?
10
Let r = 12 + -44. Let o = -18 - r. What is the remainder when 54 is divided by o?
12
Let c = -39 - -46. Suppose 37 = 3*f - 44. What is the remainder when f is divided by c?
6
Let s be (-6)/8*(-128)/24. What is the remainder when 14 is divided by (0 - -9) + 1*(-4)/s?
6
Let n(a) = 25*a + 204. What is the remainder when n(11) is divided by 37?
35
Suppose -5*y - 62 = -i - 0*y, y = -5*i + 284. Calculate the remainder when 169 is divided by i.
55
Let g = 90 - 86. Calculate the remainder when 21 is divided by (-6)/g - 30/(-4).
3
Let t(s) = s**3 + 10*s**2 + 15*s + 24. Let k = 5 + -13. What is the remainder when t(k) is divided by 16?
0
Let w(c) = c**3 + 8*c**2 + c - 4. What is the remainder when w(-4) is divided by 15?
11
Let a(u) = u + 7. Let z be a(-6). Let g(k) = 9*k**2 + k - 2. Let n = 67 - 36. Calculate the remainder when n is divided by g(z).
7
Suppose 4*k - 114 = 3*p, -4*k + 3*p = -3*k - 33. Let q = k - 17. What is the remainder when 19 is divided by q?
9
Suppose 3*g = -24 + 60. Let w be 8 + -2 + -2 + 4. Suppose -w*r = -3*r - 35. What is the remainder when g is divided by r?
5
Let h(w) = -3*w - 5. Suppose 3*z + 12 = -z. Suppose 17 + 25 = 3*l. What is the remainder when l is divided by h(z)?
2
Suppose 0 = 2*f - 2*q - 6, 0 = -4*f - 2*q + 26 - 8. Suppose 9*v - f*v - 435 = 0. What is the remainder when v is divided by (-22)/(-1 - -3 - 3)?
21
Calculate the remainder when (3/12 - 119/28) + 104 is divided by 21.
16
Let l(d) = -d**2 - 4*d + 3. Let q be l(2). Suppose -12*x + 932 = 164. What is the remainder when x is divided by 134/6 + 3/q?
20
Calculate the remainder when 85 is divided by (10 + 5)*12/10.
13
Let b = -3 - -15. Let k = -2 - b. Let u = 23 + k. Calculate the remainder when 34 is divided by u.
7
Let p(m) = -4 + 5 + 9*m - 11*m - 13*m. Let t be p(-2). Suppose -t = -2*w + 45. Calculate the remainder when w is divided by 20.
18
Suppose 3*g + 2*h - 255 = 0, 4*h = -3*g + g + 170. Calculate the remainder when g is divided by 5.
0
What is the remainder when 1159 is divided by 0 - -1 - (-11 - (-15 + 10))?
4
Let o(q) = -q**3 + 12*q**2 - 15*q + 9. Let x(t) = t. Let k be x(11). Let g be o(k). Let r = -17 - g. Calculate the remainder when r is divided by 10.
8
Let p(l) = l**3 + 20*l**2 - 22*l - 17. Let v(m) = 4*m**2 - m + 4. What is the remainder when v(3) is divided by p(-21)?
1
Let b = 23 + 8. Let t(a) = 4*a + 9. Let n be t(-4). Let y = n + 23. Calculate the remainder when b is divided by y.
15
What is the remainder when 4/((-8)/(-518)*(-14)/(-4)) is divided by 19?
17
Suppose 8*t = 10*t - 12. Suppose o = -2*z + 19, 4*o = -18 - 2. What is the remainder when -90*1*(-3)/t is divided by z?
9
Let x be ((-7)/2)/(4/(-40)). Suppose 5*v = x + 10. Let q = -25 + 40. Calculate the remainder when q is divided by v.
6
Let a be 3/(-2) + (-26)/(-4). Suppose a*j = -3*x, -2*j - 2*x = 2*x. Suppose i - 12 - 18 = j. What is the remainder when i is divided by 11?
8
Let o = 699 - 640. Let h be 2/(-5) - 12/(-5). Suppose h*v + c - 4 = 21, -2*c - 85 = -5*v. Calculate the remainder when o is divided by v.
14
Suppose 138 = 35*w - 72. Let z = -2 + 4. Calculate the remainder when w is divided by z.
0
Calculate the remainder when 351 is divided by ((-160)/(-24) + 8)*3.
43
Let u(v) be the third derivative of v**6/120 + v**5/30 + v**4/24 - 2*v**3/3 + v**2 + 7*v. What is the remainder when u(2) is divided by 3?
2
Let v(x) = -22*x**3 + 2*x**2 + 2*x + 1. Suppose 19*n + 54 = 17*n. Let m = 95 + n. What is the remainder when m is divided by v(-1)?
22
Let v(r) be the second derivative of r**5/20 + 13*r**2/2 - 20*r. What is the remainder when v(0) is divided by 7?
6
Let f = 10 + 6. Suppose 0 = -4*i - 96 - 328. Let n = i - -169. What is the remainder when n is divided by f?
15
Let l = -500 - -530. What is the remainder when 54 is divided by l?
24
What is the remainder when 126 is divided by 365/(-146)*114/(-5)?
12
Let k(n) = -2*n**3 + 2*n**2 + n + 1. Let a be k(-3). Let q = a - 52. What is the remainder when 35